{"id":16,"date":"2026-02-12T17:02:27","date_gmt":"2026-02-12T16:02:27","guid":{"rendered":"https:\/\/naserdushica.com\/?page_id=16"},"modified":"2026-04-12T20:40:32","modified_gmt":"2026-04-12T18:40:32","slug":"contact","status":"publish","type":"page","link":"https:\/\/naserdushica.com\/?page_id=16","title":{"rendered":"Contact"},"content":{"rendered":"\t\t<div data-elementor-type=\"wp-page\" data-elementor-id=\"16\" class=\"elementor elementor-16\" data-elementor-post-type=\"page\">\n\t\t\t\t<div class=\"elementor-element elementor-element-78c7721 e-con-full elementor-hidden-tablet e-flex e-con e-parent\" data-id=\"78c7721\" data-element_type=\"container\" data-e-type=\"container\">\n\t\t<div class=\"elementor-element elementor-element-b859d13 e-con-full e-flex e-con e-child\" data-id=\"b859d13\" data-element_type=\"container\" data-e-type=\"container\">\n\t\t\t\t<\/div>\n\t\t<div class=\"elementor-element elementor-element-54623e9 e-con-full e-flex e-con e-child\" data-id=\"54623e9\" data-element_type=\"container\" data-e-type=\"container\">\n\t\t\t\t<div class=\"elementor-element elementor-element-725fa03 elementor-widget elementor-widget-image\" data-id=\"725fa03\" data-element_type=\"widget\" data-e-type=\"widget\" data-widget_type=\"image.default\">\n\t\t\t\t\t\t\t\t\t\t\t\t\t\t\t<img fetchpriority=\"high\" decoding=\"async\" width=\"768\" height=\"1024\" src=\"https:\/\/naserdushica.com\/wp-content\/uploads\/2026\/02\/Photo_Atelier_web-768x1024.jpg\" class=\"attachment-medium_large size-medium_large wp-image-530\" alt=\"\" srcset=\"https:\/\/naserdushica.com\/wp-content\/uploads\/2026\/02\/Photo_Atelier_web-768x1024.jpg 768w, https:\/\/naserdushica.com\/wp-content\/uploads\/2026\/02\/Photo_Atelier_web-225x300.jpg 225w, https:\/\/naserdushica.com\/wp-content\/uploads\/2026\/02\/Photo_Atelier_web.jpg 1000w\" sizes=\"(max-width: 768px) 100vw, 768px\" \/>\t\t\t\t\t\t\t\t\t\t\t\t\t\t\t<\/div>\n\t\t\t\t<\/div>\n\t\t<div class=\"elementor-element elementor-element-7291829 e-con-full e-flex e-con e-child\" data-id=\"7291829\" data-element_type=\"container\" data-e-type=\"container\">\n\t\t\t\t<div class=\"elementor-element elementor-element-50803a2 elementor-widget elementor-widget-text-editor\" data-id=\"50803a2\" data-element_type=\"widget\" data-e-type=\"widget\" data-widget_type=\"text-editor.default\">\n\t\t\t\t\t\t\t\t\t<div class=\"wp-block-columns\"><div class=\"wp-block-column has-text-color has-link-color\" style=\"color: #000000;\"><h2><b>Biographie<\/b><\/h2><\/div><\/div>\t\t\t\t\t\t\t\t<\/div>\n\t\t\t\t<div class=\"elementor-element elementor-element-0f75579 elementor-widget elementor-widget-text-editor\" data-id=\"0f75579\" data-element_type=\"widget\" data-e-type=\"widget\" data-widget_type=\"text-editor.default\">\n\t\t\t\t\t\t\t\t\t<p data-start=\"0\" data-end=\"271\">Je suis un artiste form\u00e9 \u00e0 l\u2019\u00c9cole Sup\u00e9rieure d\u2019Art de Clermont M\u00e9tropole, o\u00f9 j\u2019ai obtenu un Master en 2017. N\u00e9 au Kosovo, mon parcours s\u2019appuie sur une double culture visuelle et linguistique, nourrie par ma formation artistique et par des exp\u00e9riences internationales.<\/p><p data-start=\"273\" data-end=\"741\">Mon travail a \u00e9t\u00e9 pr\u00e9sent\u00e9 dans de nombreuses expositions collectives et \u00e9v\u00e9nements artistiques, notamment \u00e0 Clermont-Ferrand, Brest, Mulhouse, Maymac, Montlu\u00e7on, H\u00e9genheim ainsi qu\u2019\u00e0 l\u2019international, au B\u00e9nin. Je participe r\u00e9guli\u00e8rement \u00e0 des projets m\u00ealant cr\u00e9ation contemporaine, interventions picturales et dispositifs artistiques, et je prends part \u00e0 des r\u00e9sidences de recherche et de production en France et \u00e0 l\u2019\u00e9tranger, notamment \u00e0 Ath\u00e8nes, Brest et Cotonou.<\/p><p data-start=\"743\" data-end=\"1056\" data-is-last-node=\"\" data-is-only-node=\"\">\u00c0 travers mes expositions, r\u00e9sidences et collaborations avec des institutions culturelles, je d\u00e9veloppe une pratique ancr\u00e9e dans le champ de l\u2019art contemporain, attentive aux contextes, aux lieux et aux \u00e9changes humains. Mon travail s\u2019inscrit dans une r\u00e9flexion plastique nourrie par l\u2019image et l\u2019exp\u00e9rimentation.<\/p>\t\t\t\t\t\t\t\t<\/div>\n\t\t\t\t<\/div>\n\t\t\t\t<\/div>\n\t\t<div class=\"elementor-element elementor-element-5c13a1a e-con-full elementor-hidden-desktop elementor-hidden-mobile e-flex e-con e-parent\" data-id=\"5c13a1a\" data-element_type=\"container\" data-e-type=\"container\">\n\t\t<div class=\"elementor-element elementor-element-d6ad1f8 e-con-full e-flex e-con e-child\" data-id=\"d6ad1f8\" data-element_type=\"container\" data-e-type=\"container\">\n\t\t\t\t<\/div>\n\t\t<div class=\"elementor-element elementor-element-a4ccf39 e-con-full e-flex e-con e-child\" data-id=\"a4ccf39\" data-element_type=\"container\" data-e-type=\"container\">\n\t\t\t\t<div class=\"elementor-element elementor-element-6c349d1 elementor-widget elementor-widget-image\" data-id=\"6c349d1\" data-element_type=\"widget\" data-e-type=\"widget\" data-widget_type=\"image.default\">\n\t\t\t\t\t\t\t\t\t\t\t\t\t\t\t<img fetchpriority=\"high\" decoding=\"async\" width=\"768\" height=\"1024\" src=\"https:\/\/naserdushica.com\/wp-content\/uploads\/2026\/02\/Photo_Atelier_web-768x1024.jpg\" class=\"attachment-medium_large size-medium_large wp-image-530\" alt=\"\" srcset=\"https:\/\/naserdushica.com\/wp-content\/uploads\/2026\/02\/Photo_Atelier_web-768x1024.jpg 768w, https:\/\/naserdushica.com\/wp-content\/uploads\/2026\/02\/Photo_Atelier_web-225x300.jpg 225w, https:\/\/naserdushica.com\/wp-content\/uploads\/2026\/02\/Photo_Atelier_web.jpg 1000w\" sizes=\"(max-width: 768px) 100vw, 768px\" \/>\t\t\t\t\t\t\t\t\t\t\t\t\t\t\t<\/div>\n\t\t\t\t<div class=\"elementor-element elementor-element-e203310 elementor-widget elementor-widget-text-editor\" data-id=\"e203310\" data-element_type=\"widget\" data-e-type=\"widget\" data-widget_type=\"text-editor.default\">\n\t\t\t\t\t\t\t\t\t<div class=\"wp-block-columns\"><div class=\"wp-block-column has-text-color has-link-color\" style=\"color: #000000;\"><h2><b>Biographie<\/b><\/h2><\/div><\/div>\t\t\t\t\t\t\t\t<\/div>\n\t\t\t\t<div class=\"elementor-element elementor-element-66943b2 elementor-widget elementor-widget-text-editor\" data-id=\"66943b2\" data-element_type=\"widget\" data-e-type=\"widget\" data-widget_type=\"text-editor.default\">\n\t\t\t\t\t\t\t\t\t<p data-start=\"0\" data-end=\"271\">Je suis un artiste form\u00e9 \u00e0 l\u2019\u00c9cole Sup\u00e9rieure d\u2019Art de Clermont M\u00e9tropole, o\u00f9 j\u2019ai obtenu un Master en 2017. N\u00e9 au Kosovo, mon parcours s\u2019appuie sur une double culture visuelle et linguistique, nourrie par ma formation artistique et par des exp\u00e9riences internationales.<\/p><p data-start=\"273\" data-end=\"741\">Mon travail a \u00e9t\u00e9 pr\u00e9sent\u00e9 dans de nombreuses expositions collectives et \u00e9v\u00e9nements artistiques, notamment \u00e0 Clermont-Ferrand, Brest, Mulhouse, Maymac, Montlu\u00e7on, H\u00e9genheim ainsi qu\u2019\u00e0 l\u2019international, au B\u00e9nin. Je participe r\u00e9guli\u00e8rement \u00e0 des projets m\u00ealant cr\u00e9ation contemporaine, interventions picturales et dispositifs artistiques, et je prends part \u00e0 des r\u00e9sidences de recherche et de production en France et \u00e0 l\u2019\u00e9tranger, notamment \u00e0 Ath\u00e8nes, Brest et Cotonou.<\/p><p data-start=\"743\" data-end=\"1056\" data-is-last-node=\"\" data-is-only-node=\"\">\u00c0 travers mes expositions, r\u00e9sidences et collaborations avec des institutions culturelles, je d\u00e9veloppe une pratique ancr\u00e9e dans le champ de l\u2019art contemporain, attentive aux contextes, aux lieux et aux \u00e9changes humains. Mon travail s\u2019inscrit dans une r\u00e9flexion plastique nourrie par l\u2019image et l\u2019exp\u00e9rimentation.<\/p>\t\t\t\t\t\t\t\t<\/div>\n\t\t\t\t<\/div>\n\t\t\t\t<\/div>\n\t\t<div class=\"elementor-element elementor-element-2c390ef e-con-full e-flex e-con e-parent\" data-id=\"2c390ef\" data-element_type=\"container\" data-e-type=\"container\">\n\t\t<div class=\"elementor-element elementor-element-a9f72ea e-con-full e-flex e-con e-child\" data-id=\"a9f72ea\" data-element_type=\"container\" data-e-type=\"container\">\n\t\t\t\t<\/div>\n\t\t<div class=\"elementor-element elementor-element-344e1b0 e-con-full e-flex e-con e-child\" data-id=\"344e1b0\" data-element_type=\"container\" data-e-type=\"container\">\n\t\t\t\t<div class=\"elementor-element elementor-element-a13dd12 elementor-widget elementor-widget-text-editor\" data-id=\"a13dd12\" data-element_type=\"widget\" data-e-type=\"widget\" data-widget_type=\"text-editor.default\">\n\t\t\t\t\t\t\t\t\t<div class=\"wp-block-group has-white-background-color has-text-color has-background has-link-color\" style=\"color: #000000;\"><div class=\"wp-block-columns\"><div class=\"wp-block-column has-text-color has-link-color\" style=\"color: #000000;\"><p><strong>E-mail<br \/><\/strong><a href=\"mailto:#naserdushica@gmail.com\">naserdushica@gmail.com<\/a><\/p><p><strong>Adresse<br \/><\/strong>5 Impasse de la Cloutre<br \/>74100 Ville la Grand<\/p><\/div><\/div><\/div>\t\t\t\t\t\t\t\t<\/div>\n\t\t\t\t<\/div>\n\t\t<div class=\"elementor-element elementor-element-6ec30ce e-con-full e-flex e-con e-child\" data-id=\"6ec30ce\" data-element_type=\"container\" data-e-type=\"container\">\n\t\t\t\t<div class=\"elementor-element elementor-element-2c20a9f elementor-button-align-stretch elementor-widget elementor-widget-form\" data-id=\"2c20a9f\" data-element_type=\"widget\" data-e-type=\"widget\" data-settings=\"{&quot;button_width&quot;:&quot;50&quot;,&quot;step_next_label&quot;:&quot;Suivant&quot;,&quot;step_previous_label&quot;:&quot;Pr\\u00e9c\\u00e9dent&quot;,&quot;step_type&quot;:&quot;number_text&quot;,&quot;step_icon_shape&quot;:&quot;circle&quot;}\" data-widget_type=\"form.default\">\n\t\t\t\t\t\t\t<form class=\"elementor-form\" method=\"post\" name=\"Nouveau formulaire\" aria-label=\"Nouveau formulaire\">\n\t\t\t<input type=\"hidden\" name=\"post_id\" value=\"16\"\/>\n\t\t\t<input type=\"hidden\" name=\"form_id\" value=\"2c20a9f\"\/>\n\t\t\t<input type=\"hidden\" name=\"referer_title\" value=\"Contact\" \/>\n\n\t\t\t\t\t\t\t<input type=\"hidden\" name=\"queried_id\" value=\"16\"\/>\n\t\t\t\n\t\t\t<div class=\"elementor-form-fields-wrapper elementor-labels-\">\n\t\t\t\t\t\t\t\t<div class=\"elementor-field-type-text elementor-field-group elementor-column elementor-field-group-name elementor-col-50\">\n\t\t\t\t\t\t\t\t\t\t\t\t<label for=\"form-field-name\" class=\"elementor-field-label elementor-screen-only\">\n\t\t\t\t\t\t\t\tNom\t\t\t\t\t\t\t<\/label>\n\t\t\t\t\t\t\t\t\t\t\t\t\t\t<input size=\"1\" type=\"text\" name=\"form_fields[name]\" id=\"form-field-name\" class=\"elementor-field elementor-size-md  elementor-field-textual\" placeholder=\"Nom Pr\u00e9nom\">\n\t\t\t\t\t\t\t\t\t\t\t<\/div>\n\t\t\t\t\t\t\t\t<div class=\"elementor-field-type-email elementor-field-group elementor-column elementor-field-group-email elementor-col-50 elementor-field-required\">\n\t\t\t\t\t\t\t\t\t\t\t\t<label for=\"form-field-email\" class=\"elementor-field-label elementor-screen-only\">\n\t\t\t\t\t\t\t\tE-mail\t\t\t\t\t\t\t<\/label>\n\t\t\t\t\t\t\t\t\t\t\t\t\t\t<input size=\"1\" type=\"email\" name=\"form_fields[email]\" id=\"form-field-email\" class=\"elementor-field elementor-size-md  elementor-field-textual\" placeholder=\"E-mail\" required=\"required\">\n\t\t\t\t\t\t\t\t\t\t\t<\/div>\n\t\t\t\t\t\t\t\t<div class=\"elementor-field-type-textarea elementor-field-group elementor-column elementor-field-group-message elementor-col-100\">\n\t\t\t\t\t\t\t\t\t\t\t\t<label for=\"form-field-message\" class=\"elementor-field-label elementor-screen-only\">\n\t\t\t\t\t\t\t\tMessage\t\t\t\t\t\t\t<\/label>\n\t\t\t\t\t\t<textarea class=\"elementor-field-textual elementor-field  elementor-size-md\" name=\"form_fields[message]\" id=\"form-field-message\" rows=\"4\" placeholder=\"Message\"><\/textarea>\t\t\t\t<\/div>\n\t\t\t\t\t\t\t\t<div class=\"elementor-field-group elementor-column elementor-field-type-submit elementor-col-50 e-form__buttons\">\n\t\t\t\t\t<button class=\"elementor-button elementor-size-sm\" type=\"submit\">\n\t\t\t\t\t\t<span class=\"elementor-button-content-wrapper\">\n\t\t\t\t\t\t\t\t\t\t\t\t\t\t\t\t\t\t\t\t\t\t<span class=\"elementor-button-text\">Envoyer<\/span>\n\t\t\t\t\t\t\t\t\t\t\t\t\t<\/span>\n\t\t\t\t\t<\/button>\n\t\t\t\t<\/div>\n\t\t\t<\/div>\n\t\t<\/form>\n\t\t\t\t\t\t<\/div>\n\t\t\t\t<\/div>\n\t\t\t\t<\/div>\n\t\t<div class=\"elementor-element elementor-element-cfffcd7 e-flex e-con-boxed e-con e-parent\" data-id=\"cfffcd7\" data-element_type=\"container\" data-e-type=\"container\">\n\t\t\t\t\t<div class=\"e-con-inner\">\n\t\t\t\t<div class=\"elementor-element elementor-element-5dc0c08 elementor-widget elementor-widget-spacer\" data-id=\"5dc0c08\" data-element_type=\"widget\" data-e-type=\"widget\" data-widget_type=\"spacer.default\">\n\t\t\t\t\t\t\t<div class=\"elementor-spacer\">\n\t\t\t<div class=\"elementor-spacer-inner\"><\/div>\n\t\t<\/div>\n\t\t\t\t\t\t<\/div>\n\t\t\t\t\t<\/div>\n\t\t\t\t<\/div>\n\t\t<div class=\"elementor-element elementor-element-8430be6 e-flex e-con-boxed e-con e-parent\" data-id=\"8430be6\" data-element_type=\"container\" data-e-type=\"container\">\n\t\t\t\t\t<div class=\"e-con-inner\">\n\t\t\t\t\t<\/div>\n\t\t\t\t<\/div>\n\t\t\t\t<\/div>\n\t\t","protected":false},"excerpt":{"rendered":"<p>Biographie Je suis un artiste form\u00e9 \u00e0 l\u2019\u00c9cole Sup\u00e9rieure d\u2019Art de Clermont M\u00e9tropole, o\u00f9 j\u2019ai obtenu un Master en 2017. N\u00e9 au Kosovo, mon parcours s\u2019appuie sur une double culture visuelle et linguistique, nourrie par ma formation artistique et par des exp\u00e9riences internationales. Mon travail a \u00e9t\u00e9 pr\u00e9sent\u00e9 dans de nombreuses expositions collectives et \u00e9v\u00e9nements [&hellip;]<\/p>\n","protected":false},"author":1,"featured_media":0,"parent":0,"menu_order":0,"comment_status":"closed","ping_status":"closed","template":"elementor_header_footer","meta":{"footnotes":""},"class_list":["post-16","page","type-page","status-publish","hentry"],"_hostinger_reach_plugin_has_subscription_block":false,"_hostinger_reach_plugin_is_elementor":false,"_links":{"self":[{"href":"https:\/\/naserdushica.com\/index.php?rest_route=\/wp\/v2\/pages\/16","targetHints":{"allow":["GET"]}}],"collection":[{"href":"https:\/\/naserdushica.com\/index.php?rest_route=\/wp\/v2\/pages"}],"about":[{"href":"https:\/\/naserdushica.com\/index.php?rest_route=\/wp\/v2\/types\/page"}],"author":[{"embeddable":true,"href":"https:\/\/naserdushica.com\/index.php?rest_route=\/wp\/v2\/users\/1"}],"replies":[{"embeddable":true,"href":"https:\/\/naserdushica.com\/index.php?rest_route=%2Fwp%2Fv2%2Fcomments&post=16"}],"version-history":[{"count":76,"href":"https:\/\/naserdushica.com\/index.php?rest_route=\/wp\/v2\/pages\/16\/revisions"}],"predecessor-version":[{"id":1399,"href":"https:\/\/naserdushica.com\/index.php?rest_route=\/wp\/v2\/pages\/16\/revisions\/1399"}],"wp:attachment":[{"href":"https:\/\/naserdushica.com\/index.php?rest_route=%2Fwp%2Fv2%2Fmedia&parent=16"}],"curies":[{"name":"wp","href":"https:\/\/api.w.org\/{rel}","templated":true}]}}